{"id":1173,"date":"2024-04-14T19:17:29","date_gmt":"2024-04-14T19:17:29","guid":{"rendered":"https:\/\/frpcunha.pt\/2022\/?post_type=product&#038;p=1173"},"modified":"2024-04-14T19:26:45","modified_gmt":"2024-04-14T19:26:45","slug":"serra-de-sabre-a-bateria-tp-ap-18-28-li-bl-solo","status":"publish","type":"product","link":"https:\/\/frpcunha.pt\/2022\/produto\/serra-de-sabre-a-bateria-tp-ap-18-28-li-bl-solo\/","title":{"rendered":"SERRA DE SABRE A BATERIA TP-AP 18\/28 Li BL &#8211; Solo"},"content":{"rendered":"<div class=\"information__meta\"><strong><span class=\"meta\"><span class=\"bold\">Ref\u00aa 4326310<\/span><\/span><\/strong><\/div>\n<div class=\"information__content -standard-list\">\n<ul>\n<li class=\" meta\">Membro da fam\u00edlia de produtos Power X-Change<\/li>\n<li class=\" meta\">Motor Brushless oferece mais pot\u00eancia e uma vida \u00fatil mais longa do que os motores convencionais com escovas de carv\u00e3o<\/li>\n<li class=\" meta\">Possui fun\u00e7\u00e3o anti-vibra\u00e7\u00e3o<\/li>\n<li class=\" meta\">Pode ser manuseada confortavelmente gra\u00e7as ao design ergon\u00f3mico com superf\u00edcies de pegas Softgrip<\/li>\n<li class=\" meta\">A pega principal rotativa assegura a m\u00e1xima flexibilidade<\/li>\n<li class=\" meta\">O p\u00e9 de serra ajust\u00e1vel promove a utiliza\u00e7\u00e3o ideal da l\u00e2mina de serra<\/li>\n<li class=\" meta\">Uma troca r\u00e1pida das l\u00e2minas sem ferramentas proporciona um trabalho sem complica\u00e7\u00f5es<\/li>\n<li class=\" meta\">O conjunto fornecido inclui uma l\u00e2mina de serra para madeira de alta qualidade da KWB<\/li>\n<li class=\" meta\">O conjunto \u00e9 fornecido sem bateria e sem carregador<\/li>\n<\/ul>\n<\/div>\n","protected":false},"excerpt":{"rendered":"<p>Ref\u00aa 4326310 Membro da fam\u00edlia de produtos Power X-Change Motor Brushless oferece mais pot\u00eancia e uma vida \u00fatil mais longa do que os motores convencionais com escovas de carv\u00e3o Possui fun\u00e7\u00e3o anti-vibra\u00e7\u00e3o Pode ser manuseada confortavelmente gra\u00e7as ao design ergon\u00f3mico com superf\u00edcies de pegas Softgrip A pega principal rotativa assegura a m\u00e1xima flexibilidade O p\u00e9 [&hellip;]<\/p>\n","protected":false},"featured_media":1174,"template":"","meta":{"_jet_sm_ready_style":"","_jet_sm_style":"","_jet_sm_controls_values":"","_jet_sm_fonts_collection":"","_jet_sm_fonts_links":""},"product_cat":[74],"product_tag":[],"aioseo_notices":[],"_links":{"self":[{"href":"https:\/\/frpcunha.pt\/2022\/wp-json\/wp\/v2\/product\/1173"}],"collection":[{"href":"https:\/\/frpcunha.pt\/2022\/wp-json\/wp\/v2\/product"}],"about":[{"href":"https:\/\/frpcunha.pt\/2022\/wp-json\/wp\/v2\/types\/product"}],"wp:featuredmedia":[{"embeddable":true,"href":"https:\/\/frpcunha.pt\/2022\/wp-json\/wp\/v2\/media\/1174"}],"wp:attachment":[{"href":"https:\/\/frpcunha.pt\/2022\/wp-json\/wp\/v2\/media?parent=1173"}],"wp:term":[{"taxonomy":"product_cat","embeddable":true,"href":"https:\/\/frpcunha.pt\/2022\/wp-json\/wp\/v2\/product_cat?post=1173"},{"taxonomy":"product_tag","embeddable":true,"href":"https:\/\/frpcunha.pt\/2022\/wp-json\/wp\/v2\/product_tag?post=1173"}],"curies":[{"name":"wp","href":"https:\/\/api.w.org\/{rel}","templated":true}]}}