{"id":1164,"date":"2024-04-14T17:49:20","date_gmt":"2024-04-14T17:49:20","guid":{"rendered":"https:\/\/frpcunha.pt\/2022\/?post_type=product&#038;p=1164"},"modified":"2024-04-14T17:56:35","modified_gmt":"2024-04-14T17:56:35","slug":"chave-de-impacto-a-bateria-tp-ci-18-li-bl-solo","status":"publish","type":"product","link":"https:\/\/frpcunha.pt\/2022\/produto\/chave-de-impacto-a-bateria-tp-ci-18-li-bl-solo\/","title":{"rendered":"CHAVE DE IMPACTO A BATERIA TP-CI 18 Li BL &#8211; Solo"},"content":{"rendered":"<div class=\"information__meta\"><strong><span class=\"meta\"><span class=\"bold\">Ref\u00aa 4510030<\/span><\/span><\/strong><\/div>\n<div class=\"information__content -standard-list\">\n<ul>\n<li class=\" meta\">Membro da fam\u00edlia de produtos Power X-Change<\/li>\n<li class=\"meta\">Apresenta todas as vantagens e gama de aplica\u00e7\u00f5es oferecidas pela sofisticada tecnologia de i\u00f5es de l\u00edtio<\/li>\n<li class=\"meta\">Todas as baterias e carregadores da linha podem ser utilizados com a chave de impacto<\/li>\n<li class=\"meta\">O motor Brushless tamb\u00e9m fornece mais pot\u00eancia e funciona durante mais tempo do que um motor convencional com escovas de carbono<\/li>\n<li class=\"meta\">Com o motor de impacto sem escovas e sem fios n\u00e3o h\u00e1 desgaste por abras\u00e3o mec\u00e2nica<\/li>\n<li>Torque m\u00e1ximo de 180Nm<\/li>\n<\/ul>\n<\/div>\n","protected":false},"excerpt":{"rendered":"<p>Ref\u00aa 4510030 Membro da fam\u00edlia de produtos Power X-Change Apresenta todas as vantagens e gama de aplica\u00e7\u00f5es oferecidas pela sofisticada tecnologia de i\u00f5es de l\u00edtio Todas as baterias e carregadores da linha podem ser utilizados com a chave de impacto O motor Brushless tamb\u00e9m fornece mais pot\u00eancia e funciona durante mais tempo do que um [&hellip;]<\/p>\n","protected":false},"featured_media":1165,"template":"","meta":{"_jet_sm_ready_style":"","_jet_sm_style":"","_jet_sm_controls_values":"","_jet_sm_fonts_collection":"","_jet_sm_fonts_links":""},"product_cat":[72],"product_tag":[],"aioseo_notices":[],"_links":{"self":[{"href":"https:\/\/frpcunha.pt\/2022\/wp-json\/wp\/v2\/product\/1164"}],"collection":[{"href":"https:\/\/frpcunha.pt\/2022\/wp-json\/wp\/v2\/product"}],"about":[{"href":"https:\/\/frpcunha.pt\/2022\/wp-json\/wp\/v2\/types\/product"}],"wp:featuredmedia":[{"embeddable":true,"href":"https:\/\/frpcunha.pt\/2022\/wp-json\/wp\/v2\/media\/1165"}],"wp:attachment":[{"href":"https:\/\/frpcunha.pt\/2022\/wp-json\/wp\/v2\/media?parent=1164"}],"wp:term":[{"taxonomy":"product_cat","embeddable":true,"href":"https:\/\/frpcunha.pt\/2022\/wp-json\/wp\/v2\/product_cat?post=1164"},{"taxonomy":"product_tag","embeddable":true,"href":"https:\/\/frpcunha.pt\/2022\/wp-json\/wp\/v2\/product_tag?post=1164"}],"curies":[{"name":"wp","href":"https:\/\/api.w.org\/{rel}","templated":true}]}}