{"id":3,"date":"2022-09-08T10:46:38","date_gmt":"2022-09-08T10:46:38","guid":{"rendered":"https:\/\/frpcunha.pt\/2022\/?page_id=3"},"modified":"2022-11-10T09:52:29","modified_gmt":"2022-11-10T09:52:29","slug":"privacy-policy","status":"publish","type":"page","link":"https:\/\/frpcunha.pt\/2022\/privacy-policy\/","title":{"rendered":"Pol\u00edticas de Privacidade"},"content":{"rendered":"\r\n<p class=\"p1\">QUEM SOMOS?<\/p>\r\n<p class=\"p1\">Somos a FRP CUNHA e estamos situados na Ilha Graciosa, nos A\u00e7ores.<span class=\"Apple-converted-space\">\u00a0 <\/span>A nossa principal atividade \u00e9 a comercializa\u00e7\u00e3o de eletrodom\u00e9sticos e ferramentas e presta\u00e7\u00e3o de servi\u00e7os de carpintaria.<\/p>\r\n<p class=\"p1\">PORQU\u00ca ESTA POL\u00cdTICA DE PRIVACIDADE E PROTE\u00c7\u00c3O DE DADOS PESSOAIS?<\/p>\r\n<p class=\"p1\">Nesta Pol\u00edtica pretende-se dar a conhecer aos Clientes\/Utilizadores da <b>\u201cFRP CUNHA\u201d<\/b> as regras gerais de privacidade e tratamento de dados pessoais, os quais s\u00e3o recolhidos e tratados no estrito respeito e cumprimento do disposto na legisla\u00e7\u00e3o de prote\u00e7\u00e3o de dados pessoais em vigor em cada momento, nomeadamente no Regulamento (UE) 2016\/679 do Parlamento Europeu e do Conselho, de 27 de abril de 2016 (&#8220;RGPD&#8221;).<\/p>\r\n<p class=\"p1\">A <b>\u201cFRP CUNHA\u201d <\/b>respeita as melhores pr\u00e1ticas no dom\u00ednio da seguran\u00e7a e da prote\u00e7\u00e3o dos dados pessoais, tendo para o efeito tomado as medidas t\u00e9cnicas e organizativas necess\u00e1rias por forma a cumprir o RGPD e garantir que o tratamento dos dados pessoais \u00e9 l\u00edcito, leal, transparente e limitado \u00e0s finalidades autorizadas.<\/p>\r\n<p class=\"p1\">A <b>\u201cFRP CUNHA\u201d <\/b>est\u00e1 empenhada na prote\u00e7\u00e3o e confidencialidade dos dados pessoais, tendo adotado as medidas que considera adequadas para assegurar a exatid\u00e3o, integridade e confidencialidade dos dados pessoais, bem como, todos os demais direitos que assistem aos respetivos titulares.<\/p>\r\n<p class=\"p1\">\u00a0<\/p>\r\n<p class=\"p1\">O QUE ABRANGE A PRESENTE POL\u00cdTICA?<\/p>\r\n<p class=\"p1\">A presente Pol\u00edtica aplica-se exclusivamente \u00e0 recolha e tratamento de dados pessoais relativamente aos quais a <b>\u201cFRP CUNHA\u201d<\/b> \u00e9 respons\u00e1vel pelo respetivo tratamento, no \u00e2mbito dos servi\u00e7os e produtos disponibilizados aos seus Clientes\/Utilizadores e em todas as situa\u00e7\u00f5es em que ocorra um tratamento de dados pessoais.<\/p>\r\n<p class=\"p1\">\u00a0<\/p>\r\n<p class=\"p1\">O QUE S\u00c3O DADOS PESSOAIS?<\/p>\r\n<p class=\"p1\">Dados pessoais s\u00e3o qualquer informa\u00e7\u00e3o, de qualquer natureza e independentemente do respetivo suporte, incluindo som e imagem, relativa a uma pessoa singular identificada ou identific\u00e1vel.<\/p>\r\n<p class=\"p1\">\u00c9 considerada identific\u00e1vel a pessoa singular que possa ser identificada, direta ou indiretamente, designadamente por refer\u00eancia a um nome, n\u00famero de identifica\u00e7\u00e3o, dados de localiza\u00e7\u00e3o, identificadores por via eletr\u00f3nica ou a um ou mais elementos espec\u00edficos da sua identidade f\u00edsica, fisiol\u00f3gica, gen\u00e9tica, mental, econ\u00f3mica, cultural ou social.<\/p>\r\n<p class=\"p1\">\u00a0<\/p>\r\n<p class=\"p1\">NO QUE CONSISTE O TRATAMENTO DE DADOS PESSOAIS?<\/p>\r\n<p class=\"p1\">O tratamento de dados pessoais consiste numa opera\u00e7\u00e3o ou conjunto de opera\u00e7\u00f5es efetuadas sobre dados pessoais ou conjuntos de dados pessoais, atrav\u00e9s de meios automatizados, ou n\u00e3o, nomeadamente a recolha, o registo, a organiza\u00e7\u00e3o, a estrutura\u00e7\u00e3o, a conserva\u00e7\u00e3o, a adapta\u00e7\u00e3o, a recupera\u00e7\u00e3o, a consulta, a utiliza\u00e7\u00e3o, a divulga\u00e7\u00e3o, difus\u00e3o, compara\u00e7\u00e3o, interconex\u00e3o, a limita\u00e7\u00e3o, o apagamento ou a destrui\u00e7\u00e3o.<\/p>\r\n<p class=\"p1\">\u00a0<\/p>\r\n<p class=\"p1\">QUEM \u00c9 O RESPONS\u00c1VEL PELO TRATAMENTO DE DADOS?<\/p>\r\n<p class=\"p1\">A entidade respons\u00e1vel pelo tratamento dos dados pessoais \u00e9 a <b>\u201cFRP CUNHA\u201d, <\/b>que determina as finalidades e os meios de tratamento dos mesmos.<span class=\"Apple-converted-space\">\u00a0<\/span><\/p>\r\n<p class=\"p1\">Para este efeito, caso o titular dos dados pessoais necessite de entrar em contacto com o respons\u00e1vel pelo tratamento de dados, poder\u00e1 faz\u00ea-lo atrav\u00e9s do seguinte meio e contacto: <span class=\"s1\">geral@frpcunha.pt.<\/span><\/p>\r\n<p class=\"p1\">QUAIS S\u00c3O OS TIPOS DE DADOS PESSOAIS TRATADOS?<\/p>\r\n<p class=\"p1\">A <b>\u201cFRP CUNHA\u201d<\/b>, no \u00e2mbito das atividades que desenvolve, procede ao tratamento dos dados pessoais necess\u00e1rios \u00e0 presta\u00e7\u00e3o de servi\u00e7os e\/ou fornecimento de produtos, tratando dados como o nome, o n\u00famero de telefone, o endere\u00e7o de correio eletr\u00f3nico, dados de cart\u00e3o d\u00e9bito\/d\u00e9bito, morada e NIF conforme informa\u00e7\u00e3o disponibilizada pelos titulares de dados pessoais.<span class=\"Apple-converted-space\">\u00a0<\/span><\/p>\r\n<p class=\"p1\">Os dados pessoais poder\u00e3o ser igualmente tratados, para fins de marketing ou divulga\u00e7\u00e3o de ofertas de bens ou servi\u00e7os da <b>\u201cFRP CUNHA\u201d<\/b>, caso o respetivo titular o tenha autorizado.<span class=\"Apple-converted-space\">\u00a0<\/span><\/p>\r\n<p class=\"p1\">Caso exista consentimento pr\u00e9vio do titular, este poder\u00e1 ser retirado a qualquer momento, sem que a licitude do tratamento efetuado com base no consentimento previamente dado seja comprometida.<\/p>\r\n<p class=\"p1\">\u00a0<\/p>\r\n<p class=\"p1\">QUANDO E COMO RECOLHEMOS OS SEUS DADOS PESSOAIS?<\/p>\r\n<p class=\"p1\">A <b>\u201cFRP CUNHA\u201d <\/b>recolhe os seus dados pessoais, nomeadamente atrav\u00e9s de via telef\u00f3nica, por escrito, atrav\u00e9s do seu website, garantindo, sempre que necess\u00e1rio, o pr\u00e9vio consentimento do titular dos dados pessoais.<\/p>\r\n<p class=\"p1\">Alguns dados pessoais s\u00e3o indispens\u00e1veis \u00e0 execu\u00e7\u00e3o do contrato, sem os quais a <b>\u201cFRP CUNHA\u201d <\/b>n\u00e3o poder\u00e1 disponibilizar o produto ou servi\u00e7o em causa.<\/p>\r\n<p class=\"p1\">Caso o titular dos dados pessoais n\u00e3o seja Cliente\/Utilizador da <b>\u201cFRP CUNHA\u201d<\/b>, os respetivos dados pessoais apenas ser\u00e3o tratados quando s\u00e3o disponibilizados, caso em que se aplicar\u00e3o as regras desta Pol\u00edtica.<\/p>\r\n<p class=\"p1\">Os dados pessoais recolhidos podem ser tratados informaticamente e de forma automatizada ou n\u00e3o automatizada, garantindo em todos os casos o estrito cumprimento da legisla\u00e7\u00e3o de prote\u00e7\u00e3o de dados pessoais, sendo armazenados em bases de dados espec\u00edficas, criadas para o efeito e, em situa\u00e7\u00e3o alguma, os dados recolhidos ser\u00e3o utilizados para outra finalidade que n\u00e3o seja aquela para a qual foram recolhidos ou dado o consentimento por parte do titular dos dados.<\/p>\r\n<p class=\"p1\">\u00a0<\/p>\r\n<p class=\"p1\">QUEM S\u00c3O OS DESTINAT\u00c1RIOS DOS DADOS PESSOAIS?<\/p>\r\n<p class=\"p1\">Sem preju\u00edzo dos destinat\u00e1rios indicados ao longo desta Pol\u00edtica, a <b>\u201cFRP CUNHA\u201d <\/b>poder\u00e1 comunicar os dados pessoais do Cliente\/Utilizador, com a finalidade do cumprimento de obriga\u00e7\u00f5es legais, nomeadamente a entidades policiais, judiciais, fiscais e reguladoras.<\/p>\r\n<p class=\"p1\">\u00a0<\/p>\r\n<p class=\"p1\">QUAIS AS FINALIDADES DO TRATAMENTO DOS DADOS PESSOAIS E RESPETIVOS FUNDAMENTOS JUR\u00cdDICOS?<\/p>\r\n<p class=\"p1\">Em geral, os dados pessoais recolhidos t\u00eam como fundamento e destinam-se \u00e0 gest\u00e3o da rela\u00e7\u00e3o contratual e comercial, \u00e0 presta\u00e7\u00e3o dos servi\u00e7os contratados, \u00e0 adequa\u00e7\u00e3o dos servi\u00e7os \u00e0s necessidades e interesses do Cliente\/Utilizador, nomeadamente para efeitos de acesso a funcionalidades espec\u00edficas dos servi\u00e7os, a a\u00e7\u00f5es de informa\u00e7\u00e3o e marketing.<\/p>\r\n<p class=\"p1\">Adicionalmente, os dados pessoais poder\u00e3o, ainda, ser tratados para efeitos de cumprimento de obriga\u00e7\u00f5es legais.<\/p>\r\n<p class=\"p1\">POR QUANTO TEMPO CONSERVAMOS OS SEUS DADOS PESSOAIS?<\/p>\r\n<p class=\"p1\">O per\u00edodo de tempo durante o qual os dados pessoais s\u00e3o armazenados e conservados varia de acordo com a finalidade para a qual a informa\u00e7\u00e3o \u00e9 tratada.<\/p>\r\n<p class=\"p1\">Efetivamente, existem requisitos legais que obrigam a conservar os dados por um per\u00edodo de tempo m\u00ednimo. Assim, e sempre que n\u00e3o exista uma exig\u00eancia legal espec\u00edfica, os dados ser\u00e3o armazenados e conservados apenas pelo per\u00edodo m\u00ednimo necess\u00e1rio para a prossecu\u00e7\u00e3o das finalidades que motivaram a sua recolha ou o seu posterior tratamento, nos termos definidos na lei.<span class=\"Apple-converted-space\">\u00a0<\/span><\/p>\r\n<p class=\"p1\">\u00a0<\/p>\r\n<p class=\"p1\">QUAIS S\u00c3O OS SEUS DIREITOS ENQUANTO TITULAR?<\/p>\r\n<p class=\"p1\">Enquanto titulares dos dados pessoais, \u00e9 garantido aos Clientes\/Utilizadores, a qualquer momento, o direito de acesso, retifica\u00e7\u00e3o, atualiza\u00e7\u00e3o, limita\u00e7\u00e3o e apagamento dos seus dados pessoais (salvo quanto aos dados que s\u00e3o indispens\u00e1veis \u00e0 presta\u00e7\u00e3o dos servi\u00e7os pela <b>\u201cFRP CUNHA\u201d <\/b>ou ao cumprimento de obriga\u00e7\u00f5es legais a que o respons\u00e1vel pelo tratamento esteja sujeito), o direito de oposi\u00e7\u00e3o \u00e0 utiliza\u00e7\u00e3o dos mesmos para fins comerciais pela <b>\u201cFRP CUNHA\u201d <\/b>e \u00e0 retirada do consentimento, sem que tal comprometa a licitude do tratamento efetuado ao abrigo desse consentimento, bem como o direito \u00e0 portabilidade dos dados.<\/p>\r\n<p class=\"p1\"><i>\u00a0<\/i><\/p>\r\n<p class=\"p1\">COMO PODER\u00c1 ACEDER, RETIFICAR, ATUALIZAR, LIMITAR, APAGAR, OPOR-SE AO TRATAMENTO DOS SEUS DADOS PESSOAIS, OU REMOVER O CONSENTIMENTO?<\/p>\r\n<p class=\"p1\">Sem preju\u00edzo do disposto no RGPD, o titular dos dados pessoais poder\u00e1 faz\u00ea-lo, diretamente ou mediante pedido por escrito, dirigido ao respetivo Respons\u00e1vel pelo tratamento, atrav\u00e9s dos contactos disponibilizados para o efeito no presente documento, bem como demais contactos disponibilizados pela <b>\u201cFRP CUNHA\u201d<\/b>.<\/p>\r\n<p class=\"p1\">\u00a0<\/p>\r\n<p class=\"p1\">COMO PODE OPOR-SE \u00c0 RECE\u00c7\u00c3O DE CONTACTOS PARA FINS DE MARKETING?<\/p>\r\n<p class=\"p1\">A <b>\u201cFRP CUNHA\u201d <\/b>pode promover a\u00e7\u00f5es de divulga\u00e7\u00e3o junto dos seus Clientes\/Utilizadores, de novos produtos ou servi\u00e7os, nomeadamente atrav\u00e9s de telefone, e-mail, SMS ou qualquer outro servi\u00e7o de comunica\u00e7\u00f5es eletr\u00f3nicas, caso o titular dos dados pessoais tenha dado o respetivo consentimento.<span class=\"Apple-converted-space\">\u00a0<\/span><\/p>\r\n<p class=\"p1\">Caso o titular de dados pessoais n\u00e3o pretenda continuar a rececionar estas comunica\u00e7\u00f5es pode, a qualquer momento, retirar o seu consentimento \u00e0 utiliza\u00e7\u00e3o dos seus dados para fins de marketing.<\/p>\r\n<p class=\"p1\">\u00a0<\/p>\r\n<p class=\"p1\">COMO PODE RECLAMAR?<\/p>\r\n<p class=\"p1\">Sem preju\u00edzo de poder apresentar reclama\u00e7\u00f5es diretamente a <b>\u201cFRP CUNHA\u201d <\/b>atrav\u00e9s dos contactos disponibilizados para o efeito, o Cliente\/Utilizador pode reclamar diretamente para a Autoridade de Controlo, que \u00e9 a Comiss\u00e3o Nacional de Prote\u00e7\u00e3o de Dados (CNPD), utilizando os contactos disponibilizados por esta entidade para o efeito.<\/p>\r\n<p class=\"p1\">\u00a0<\/p>\r\n<p class=\"p1\">QUAIS AS MEDIDAS ADOTADAS PELA <b>\u201cFRP CUNHA\u201d<\/b> PARA ASSEGURAR A SEGURAN\u00c7A DOS SEUS DADOS PESSOAIS?<\/p>\r\n<p class=\"p1\">A <b>\u201cFRP CUNHA\u201d <\/b>assume o compromisso de garantir a prote\u00e7\u00e3o da seguran\u00e7a dos dados pessoais que lhe s\u00e3o disponibilizados, tendo aprovado e implementado rigorosas regras nesta mat\u00e9ria. O cumprimento destas regras constitui uma obriga\u00e7\u00e3o de todos aqueles que legalmente aos mesmos acedem.<\/p>\r\n<p class=\"p1\">Tendo presente a preocupa\u00e7\u00e3o e empenho que A <b>\u201cFRP CUNHA\u201d <\/b>revela na defesa dos dados pessoais, foram adotadas diversas medidas de seguran\u00e7a, de car\u00e1cter t\u00e9cnico e organizativo, de forma a proteger os dados pessoais que lhe s\u00e3o disponibilizados contra a sua difus\u00e3o, perda, uso indevido, altera\u00e7\u00e3o, tratamento ou acesso n\u00e3o autorizado, bem como contra qualquer outra forma de tratamento il\u00edcito.<\/p>\r\n<p class=\"p1\">Adicionalmente, as entidades terceiras que, no \u00e2mbito de presta\u00e7\u00f5es de servi\u00e7os, procedam ao tratamento de dados pessoais do Cliente\/Utilizador em nome e por conta da <b>\u201cFRP CUNHA\u201d<\/b>, est\u00e3o obrigadas, por escrito, a executar medidas t\u00e9cnicas e de seguran\u00e7a adequadas que, em cada momento, satisfa\u00e7am os requisitos previstos na legisla\u00e7\u00e3o em vigor e assegurem a defesa dos direitos do titular dos dados (nomeadamente, a prote\u00e7\u00e3o da privacidade e dos dados pessoais).<span class=\"Apple-converted-space\">\u00a0<\/span><\/p>\r\n<p class=\"p1\">EM QUE CIRCUNST\u00c2NCIAS EXISTE COMUNICA\u00c7\u00c3O DE DADOS A OUTRAS ENTIDADES (TERCEIROS E SUBCONTRATADOS)?<\/p>\r\n<p class=\"p1\">A <b>\u201cFRP CUNHA\u201d<\/b>, no \u00e2mbito da sua atividade, poder\u00e1 recorrer a terceiros para a presta\u00e7\u00e3o de determinados servi\u00e7os. Por vezes, a presta\u00e7\u00e3o destes servi\u00e7os implica o acesso, por estas entidades, a dados pessoais dos Clientes\/Utilizadores. Quando tal, a <b>\u201cFRP CUNHA\u201d <\/b>toma as medidas adequadas, de forma a assegurar que as entidades que tenham acesso aos dados s\u00e3o reputadas e oferecem as mais elevadas garantias a este n\u00edvel, o que fica devidamente consagrado e acautelado contratualmente entre a <b>\u201cFRP CUNHA\u201d <\/b>e a(s) terceira(s) entidade(s).<\/p>\r\n<p class=\"p1\">Assim, qualquer entidade subcontratada pela <b>\u201cFRP CUNHA\u201d <\/b>tratar\u00e1 os dados pessoais dos nossos Clientes\/Utilizadores, em nome e por conta da <b>\u201cFRP CUNHA\u201d<\/b> e adotando medidas t\u00e9cnicas e organizacionais necess\u00e1rias de forma a proteger os dados pessoais contra a destrui\u00e7\u00e3o, acidental ou il\u00edcita, a perda acidental, a altera\u00e7\u00e3o, a difus\u00e3o ou o acesso n\u00e3o autorizado e contra qualquer outra forma de tratamento il\u00edcito.<\/p>\r\n<p class=\"p1\">Em qualquer dos casos, a <b>\u201cFRP CUNHA\u201d <\/b>permanece respons\u00e1vel pelos dados pessoais que lhe sejam disponibilizados.<\/p>\r\n<p class=\"p1\">Neste caso, a <b>\u201cFRP CUNHA\u201d <\/b>utiliza o Mailchimp, como uma plataforma de marketing. Ao concordar com as nossas pol\u00edticas, est\u00e1 a reconhecer que as suas informa\u00e7\u00f5es ser\u00e3o transferidas para o Mailchimp. Saiba mais sobre as pol\u00edticas de privacidade do Mailchimp aqui <a href=\"https:\/\/mailchimp.com\/legal\/\"><span class=\"s2\">https:\/\/mailchimp.com\/legal\/<\/span><\/a>.<\/p>\r\n<p class=\"p3\">Pode cancelar a inscri\u00e7\u00e3o a qualquer momento, clicando no link no rodap\u00e9 dos nossos e-mails. Para obter mais informa\u00e7\u00f5es sobre as nossas pol\u00edticas de privacidade, visite o nosso site.<\/p>\r\n<p class=\"p1\">\u00a0<\/p>\r\n<p class=\"p1\">EM QUE CIRCUNST\u00c2NCIAS TRANSFERIMOS OS SEUS DADOS PESSOAIS?\u00a0<\/p>\r\n<p class=\"p1\">A presta\u00e7\u00e3o de determinados servi\u00e7os pela <b>\u201cFRP CUNHA\u201d <\/b>pode implicar a transfer\u00eancia dos seus dados para fora de Portugal, incluindo para fora da Uni\u00e3o Europeia ou para Organiza\u00e7\u00f5es Internacionais.<\/p>\r\n<p class=\"p1\">Em tal caso, a <b>\u201cFRP CUNHA\u201d <\/b>cumprir\u00e1 rigorosamente as disposi\u00e7\u00f5es legais aplic\u00e1veis, nomeadamente quanto \u00e0 determina\u00e7\u00e3o da adequabilidade do(s) pa\u00eds(es) de destino no que respeita a prote\u00e7\u00e3o de dados pessoais e aos requisitos aplic\u00e1veis a tais transfer\u00eancias, incluindo, sempre que aplic\u00e1vel, a celebra\u00e7\u00e3o dos instrumentos contratuais adequados e que garantem e respeitam as exig\u00eancias legais em vigor.<span class=\"Apple-converted-space\">\u00a0<\/span><\/p>\r\n<p class=\"p1\">\u00a0<\/p>\r\n<p class=\"p1\">COMO USAMOS OS &#8220;COOKIES&#8221;?<\/p>\r\n<p class=\"p1\">&#8220;Cookies&#8221; s\u00e3o pequenas etiquetas de software que s\u00e3o armazenadas no computador atrav\u00e9s do navegador (browser), retendo apenas informa\u00e7\u00e3o relacionada com as prefer\u00eancias, n\u00e3o incluindo, como tal, os dados pessoais.<\/p>\r\n<p class=\"p1\">\u00a0<\/p>\r\n<p class=\"p1\">Para saber mais sobre cookies e como a <b>\u201cFRP CUNHA\u201d <\/b>os usa no seu website, consulte a sec\u00e7\u00e3o abaixo \u201cSOBRE COOKIES\u201d.<\/p>\r\n<p class=\"p1\">\u00a0<\/p>\r\n<p class=\"p1\">COMO PODE FICAR A CONHECER QUAISQUER ALTERA\u00c7\u00d5ES \u00c0 POL\u00cdTICA DE PROTE\u00c7\u00c3O DE DADOS PESSOAIS?<\/p>\r\n<p class=\"p1\">A <b>\u201cFRP CUNHA\u201d <\/b>reserva-se o direito de, a qualquer altura, proceder a reajustamentos ou altera\u00e7\u00f5es \u00e0 presente Pol\u00edtica de Prote\u00e7\u00e3o de Dados Pessoais.<\/p>\r\n<p class=\"p1\">\u00a0<\/p>\r\n<hr \/>\r\n<h2 class=\"p1\">SOBRE COOKIES<\/h2>\r\n<p class=\"p1\">\u00a0O QUE S\u00c3O COOKIES?<\/p>\r\n<p class=\"p1\">&#8220;Cookies&#8221; s\u00e3o pequenas etiquetas de software que s\u00e3o armazenadas nos equipamentos de acesso atrav\u00e9s do navegador (browser), retendo apenas informa\u00e7\u00e3o relacionada com as prefer\u00eancias, n\u00e3o incluindo, como tal, os dados pessoais.<\/p>\r\n<p class=\"p1\">\u00a0<\/p>\r\n<p class=\"p1\">PARA QUE SERVEM OS COOKIES?<\/p>\r\n<p class=\"p1\">Os cookies servem para ajudar a determinar a utilidade, interesse e o n\u00famero de utiliza\u00e7\u00f5es dos websites, permitindo uma navega\u00e7\u00e3o mais r\u00e1pida e eficiente, eliminando a necessidade de introduzir repetidamente as mesmas informa\u00e7\u00f5es.<\/p>\r\n<p class=\"p1\">\u00a0<\/p>\r\n<p class=\"p1\">QUE TIPO DE COOKIES EXISTEM?<\/p>\r\n<p class=\"p1\">Existem dois grupos cookies que podem ser utilizados:<\/p>\r\n<p class=\"p1\">\u00a0 \u00a0 \u00a0 \u00a0 \u00a0 \u00a0 \u00a0 \u00a0\u00a0Cookies permanentes &#8211; s\u00e3o cookies que ficam armazenados ao n\u00edvel do browser nos equipamentos de acesso (PC, mobile e tablet) e que s\u00e3o utilizados sempre que faz uma nova visita a um dos websites da <b>\u201cFRP CUNHA\u201d<\/b>. S\u00e3o utilizados, geralmente, para direcionar a navega\u00e7\u00e3o aos interesses do utilizador, permitindo prestar um servi\u00e7o mais personalizado.<\/p>\r\n<p class=\"p1\">\u00a0 \u00a0 \u00a0 \u00a0 \u00a0 \u00a0 \u00a0 \u00a0\u00a0Cookies de sess\u00e3o &#8211; s\u00e3o cookies tempor\u00e1rios que permanecem no arquivo de cookies do browser at\u00e9 sair do website. A informa\u00e7\u00e3o obtida por estes cookies serve para analisar padr\u00f5es de tr\u00e1fego na web, permitindo identificar problemas e fornecer uma melhor experi\u00eancia de navega\u00e7\u00e3o.<span class=\"Apple-converted-space\">\u00a0<\/span><\/p>\r\n<p class=\"p1\">\u00a0<\/p>\r\n<p class=\"p1\">PARA QUE FINS UTILIZAMOS COOKIES?<\/p>\r\n<ul class=\"ul1\">\r\n<li class=\"li1\">Cookies estritamente necess\u00e1rios &#8211; Estes permitem-lhe navegar no website e utilizar aplica\u00e7\u00f5es, bem como aceder a \u00e1reas seguras do s\u00edtio web. Sem estes cookies, os servi\u00e7os necess\u00e1rios n\u00e3o podem ser prestados.<\/li>\r\n<li class=\"li1\">Cookies anal\u00edticos &#8211; S\u00e3o utilizados anonimamente para efeitos de cria\u00e7\u00e3o e an\u00e1lise de estat\u00edsticas, no sentido de melhorar o funcionamento do website.<\/li>\r\n<\/ul>\r\n<p class=\"p1\">COMO PODE GERIR OS COOKIES?<\/p>\r\n<p class=\"p1\">Todos os browsers permitem ao utilizador aceitar, recusar ou apagar cookies, e ainda informar o utilizador sempre que um cookie \u00e9 recebido, nomeadamente atrav\u00e9s da sele\u00e7\u00e3o das defini\u00e7\u00f5es apropriadas no respetivo navegador. O utilizador pode configurar os cookies no menu &#8220;op\u00e7\u00f5es&#8221; ou &#8220;prefer\u00eancias&#8221; do seu browser.<\/p>\r\n<p class=\"p1\">Note-se, no entanto, que, ao desativar cookies, pode impedir que alguns servi\u00e7os da web funcionem corretamente, afetando, parcial ou totalmente, a navega\u00e7\u00e3o no website.<\/p>\r\n","protected":false},"excerpt":{"rendered":"<p>QUEM SOMOS? Somos a FRP CUNHA e estamos situados na Ilha Graciosa, nos A\u00e7ores.\u00a0 A nossa principal atividade \u00e9 a comercializa\u00e7\u00e3o de eletrodom\u00e9sticos e ferramentas e presta\u00e7\u00e3o de servi\u00e7os de carpintaria. PORQU\u00ca ESTA POL\u00cdTICA DE PRIVACIDADE E PROTE\u00c7\u00c3O DE DADOS PESSOAIS? Nesta Pol\u00edtica pretende-se dar a conhecer aos Clientes\/Utilizadores da \u201cFRP CUNHA\u201d as regras gerais [&hellip;]<\/p>\n","protected":false},"author":1,"featured_media":0,"parent":0,"menu_order":0,"comment_status":"closed","ping_status":"open","template":"","meta":{"_jet_sm_ready_style":"","_jet_sm_style":"","_jet_sm_controls_values":"","_jet_sm_fonts_collection":"","_jet_sm_fonts_links":""},"aioseo_notices":[],"_links":{"self":[{"href":"https:\/\/frpcunha.pt\/2022\/wp-json\/wp\/v2\/pages\/3"}],"collection":[{"href":"https:\/\/frpcunha.pt\/2022\/wp-json\/wp\/v2\/pages"}],"about":[{"href":"https:\/\/frpcunha.pt\/2022\/wp-json\/wp\/v2\/types\/page"}],"author":[{"embeddable":true,"href":"https:\/\/frpcunha.pt\/2022\/wp-json\/wp\/v2\/users\/1"}],"replies":[{"embeddable":true,"href":"https:\/\/frpcunha.pt\/2022\/wp-json\/wp\/v2\/comments?post=3"}],"version-history":[{"count":3,"href":"https:\/\/frpcunha.pt\/2022\/wp-json\/wp\/v2\/pages\/3\/revisions"}],"predecessor-version":[{"id":900,"href":"https:\/\/frpcunha.pt\/2022\/wp-json\/wp\/v2\/pages\/3\/revisions\/900"}],"wp:attachment":[{"href":"https:\/\/frpcunha.pt\/2022\/wp-json\/wp\/v2\/media?parent=3"}],"curies":[{"name":"wp","href":"https:\/\/api.w.org\/{rel}","templated":true}]}}